-3.
-5
(18 - 3) + 4 + -13 - 1
5
Calculate -2 - (-6 - (-13 + 12 + -5) - -3).
-5
Evaluate -7 - ((0 + -2 - 1) + -36 + 39).
-7
What is the value of 9 + -17 + 6 - (-5 + 6)?
-3
What is the value of -11 - (-26 + -17 + 25)?
7
Evaluate -15 + -17 + (7 - (-3 + 6 + -3)).
-25
What is the value of (0 - 8) + (-112 - -105)?
-15
What is the value of 10 + (13 - 19) + -3?
1
Calculate -3 - (-1 + 1 - -1) - (-24 - -12).
8
Calculate (2 - 0) + 11 - (21 - 49 - -26).
15
What is 0 - (-149 - -152 - (-3 + -9 + -1))?
-16
What is 52 - (-4 + 50) - (-2 + 0)?
8
Evaluate 1 + (5 + -13 - -8).
1
What is the value of 3 + (-3 - (-5 + -4)) + -4?
5
Calculate 5 + -15 - -10 - -3.
3
What is the value of 110 + -105 + 3 + -26?
-18
Calculate -11 + (-1 + 11 - (4 - -10 - 8)).
-7
What is the value of (6 - 14) + 0 + -9 - -3?
-14
What is 20 + (-6 - 15 - -5)?
4
Evaluate 13 + (11 - (30 - 11)).
5
(12 + -12 - 22) + -1
-23
What is the value of -12 + (6 - -1) + -14 + 25?
6
What is the value of (-9 + 3 - -8) + 5 - 11?
-4
Evaluate -5 + 30 + -5 - (7 - (-2 + 6)).
17
Evaluate -15 - (-11 + 1 + -6).
1
What is -1 + -1 + 14 + (4 - 12) + -11?
-7
Evaluate (-1 + 1 + 3 - -3) + -53 + 52.
5
-5 + 18 + 1 + 23 + -60
-23
Calculate 3 - (0 - (1 - -1) - (624 - 609)).
20
What is -5 + -21 + 11 - -15?
0
What is -9 - -2 - (-23 + -6 + 3)?
19
What is the value of -30 - ((29 - 10) + -64)?
15
What is -22 + (29 - 7) + 21?
21
Calculate (4 - -7 - -1) + (2 - (2 - -4)).
8
What is the value of (-40 - -9) + 0 + 14?
-17
Evaluate 39 - 32 - (2 - -25).
-20
(-14 - (-1 + -6)) + 4 - (0 - 15)
12
What is -4 + 2 - (26 + 6 + -3) - -8?
-23
Calculate 9 - (-4 - 0 - (13 + -21 - -7)).
12
What is -9 - 1 - (-186 + 175)?
1
-12 + (18 - -22) + -17 - 5
6
What is the value of 8 + (14 - (-4 - -19)) + 3?
10
-8 + -2 + (-5 + (-4 - -7) - -2)
-10
What is 41 - 27 - (-1 + -11)?
26
What is -27 - ((-24 - -8) + -8)?
-3
Calculate 1 + (0 + 2 - (-82 - -71)).
14
What is the value of 14 + (-6 - -2 - (-41 - -38))?
13
5 - (8 + (10 + -8 + -4 - 10))
9
What is the value of (5 - 7 - 15) + 0 + -7?
-24
Calculate -2 + (-4 - (-5 - 9)) + 9.
17
What is the value of -70 - -79 - (-5 + 5 + -4)?
13
What is (-1 - (-9 + -8)) + -16?
0
What is -11 + 8 + 7 + (0 - 8)?
-4
Calculate -8 + -10 + 12 + 1 + 4 + 3.
2
Calculate (5 - (19 - -16 - -5)) + 2 + 7.
-26
-8 + (7 - (1 + 9))
-11
Evaluate 21 - 44 - (4 - 12).
-15
Calculate -52 - (-3 - -4) - -26.
-27
What is -5 + (-2 - -3) + 3 + 12 + 4?
15
Calculate 9 + (-1 + 0 - -2) - (-5545 - -5550).
5
Evaluate (-5 - (-3 + -13)) + -7 + -1.
3
Evaluate -19 - (10 - 15) - ((-5 - 0) + 2).
-11
What is the value of -2 + 0 + -139 + 149?
8
What is the value of -6 - (8 + (1 - 3 - 5)) - 0?
-7
-1 + -23 + (-1 - -9) + -6 + -5
-27
-2 - (2 - (-10 - (-3 + -10 + 7)))
-8
1 - ((-5 - 9) + 24)
-9
What is the value of (-28 - -43) + 16 + -10?
21
Calculate (5 - (30 + 15)) + 14 - -19.
-7
(-19 + 2 - -2) + (-4 - 1) + 5
-15
What is (0 - -1) + 0 + 6 - (687 - 682)?
2
-18 + -16 + 27 + -2
-9
Evaluate 10 + -15 + 7 + -8.
-6
What is the value of 1 + (2 - -14) + -136 + 148?
29
4 - ((12 - 8) + -3) - (10 + -4)
-3
Calculate (10 - (25 - 7)) + 0 + -7.
-15
What is the value of (-27 - -3) + 16 + -4?
-12
Calculate (-5 - (7 + 0 + -8)) + -1.
-5
Evaluate (-21 - (-2 + -12)) + 8.
1
Evaluate 5 + (-11 - -15) + -12 - -18.
15
Calculate -4 - 2 - -2 - (-2 + -14).
12
Evaluate -72 - (-44 + -36) - (21 + 1).
-14
What is -5 - -1 - (-44 - -27) - (0 + 1)?
12
What is the value of -7 - (11 + -3 - (0 - (-3 + -1)))?
-11
What is the value of 10 + (1 - (5 + (4 - 5) + -1))?
8
What is the value of (-11 - -1) + 14 + -16 + 9 - -13?
10
Evaluate (-11 - -4) + (-3 + -2 - -4) + 1.
-7
What is the value of (-4 - -4) + 7 + -11 - (-3 + 8)?
-9
Evaluate 10 - (8 + -4) - 7.
-1
What is the value of 2 + (-4 - 9) + (2 - (-4 + 5))?
-10
What is 51 + -118 - -55 - ((-15 - -1) + 3)?
-1
What is 1139 + -1126 + -1 + 1 + -23?
-10
What is the value of -3 - 15 - (14 + 14 + -26)?
-20
What is the value of -7 + (-6 - (-4 - ((-4 - -5) + -6)))?
-14
Evaluate 42 - 45 - (0 + 13).
-16
Calculate 1 + 150 + -141 + -7 + 1.
4
What is the value of (-13 - -9) + 1 + -7?
-10
What is the value of 14 - (-6 - -1 - 5 - -21)?
3
What is 7 - (47 + -48 - (0 - 5))?
3
7 - (11 + 19 - 13) - 14
-24
What is the value of 3 + 0 + -3 + 8?
8
Calculate 7 - -10 - ((-7 - -3) + 12).
9
What is (-12 - -1) + 129 + -104?
14
What is the value of 26 + (1 - -12 - 6 - (18 + -4))?
19
Evaluate (-8 - -1) + 8 + (-2 - -3).
2
What is -22 + 10 + 27 + (11 - 10)?
16
What is (1 - 0 - -3) + -1 - (17 + -19)?
5
What is the value of 15 + (-16 - ((19 - 5 - 2) + -21))?
8
(182 - 165) + -4 + -1 + 0
12
Evaluate (-14 - -33) + -15 + 0 + -19 + -6.
-21
Evaluate 0 - (8 + (1 - 3) + 8 + -4).
-10
What is the value of -12 + (9 - (-1 - 9))?
7
What is the value of -1 + -30 - (7 + (5 - (19 + -5)))?
-29
What is the value of -15 + (12 - -15) + -16?
-4
Evaluate 10 + 6 + -12 + (-26 - -22).
0
Evaluate 44 - (19 + (-27 - -33)).
19
What is 1 + (-18 + (6 - -3) - (12 - 37))?
17
Calculate -1 + (47 - 18) + -24.
4
What is the value of 10 + 9 + -11 - 7?
1
What is -4 + 2 - -17 - 12?
3
What is the value of 1 - ((-7 - -5) + 8 - 17)?
12
Evaluate 45 + -16 + (3 - 19).
13
Evaluate 3 - (-8 + (-16 - 2)).
29
Evaluate -2 - (2 - -3 - (9 - 9)) - 0.
-7
Evaluate 23 + (-12 - (8 + 6)).
-3
Calculate (3 - (11 + (-7 - -5))) + -2.
-8
What is (-2 - -8) + (64 - 75)?
-5
What is the value of -12 - (4 + -15) - 10?
-11
What is the value of 6 - (-18 - -61 - 16)?
-21
Calculate -10 - -22 - (4 - (5 - (-4 - -5))).
12
What is -7 - (0 + -4 - (-15 - (8 - 21)))?
-5
What is the value of -109 - -121 - (-2 - (-3 + 3))?
14
Evaluate (-16 + 30 - 18) + (-1 - 1) + 17.
11
What is -9 - 0 - (2 - ((-1 - -3) + 5))?
-4
-8 + 1 + -19 + 7 - -4
-15
What is the value of -3 - 3 - (0 - (1 - (-32 - 3)))?
30
(2 + 0 - 10) + (181 - 166)
7
What is -3 - (-20 + 13 - -3 - 17)?
18
What is the value of -10 + -13 + (2 - 12 - -42)?
9
-36 + 19 - -11 - -6
0
Calculate -2 - 0 - (-1 - 1) - (-71 - -59).
12
Evaluate 2 - -9 - (-47 - -43).
15
-38 + 23 + -11 + -2
-28
Calculate 22 + (8 - (-13 - -34)).
9
Calculate (36 - 29) + -5 + 3 - 14.
-9
What is -14 - (2 + 11 + -5) - 13?
-35
-162 + 125 + 2 + 46
11
What is 7 + 15 - (-10 + 9 + 8)?
15
What is (-1 - 3) + 11 - 10 - (3 + -3)?
-3
Calculate 5 - (11 - 10) - (0 + 1).
3
What is 6 + (-5 - (9 - 4 - 7)) + -10?
-7
5 - 1 - (-21 - (-1 + (-12 - 6)))
6
Calculate 19 + (-11 - 9 - -9) - -2.
10
Evaluate 18 + -29 + 12 + (0 - 28).
-27
Evaluate 2 + -8 - (-7 - (-8 + 2 + 4)).
-1
What is the value of 10 + (-13 - -1) - 5?
-7
Evaluate (-7 + -2 - (-20 + 10)) + 1.
2
Evaluate 231 + -268 - (-24 + -2).
-11
((-13 - -7) + 5 - 3) + 0
-4
-7 + (-8 - -14) + -4 + 10
5
Evaluate 7 + (-6 - -6) + 3 - 15.
-5
What is (4 - 1) + (-3 - (6 - 6)) + -3?
-3
Calculate 5 + -1 + -1 - (7 - -44 - 40).
-8
(4 + -9 + 1 - (-33 + 41)) + 1
-11
(-3 - (0 - (1 - -10))) + (7 - -1)
16
Calculate (7 - (-6 + 1 + (3 - 2))) + 4.
15
Calculate -9 - -4 - (-23 + -8).
26
9 + (-3 - -2) + -10 + (6 - 28)
-24
What is -13 + (-13 - -7) - -7?
-12
(2 - 11) + 11 - (-11 - -2)
11
What is the value of (32 - 24) + (-14 - -2) - -6?
2
Evaluate (9 - 12 - -15) + 6 + -3.
15
What is 2 - (27 + -27) - (-6 + 3)?
5
What is the value of 9 - (11 - -2) - 6?
-10
What is the value of (-9 - (0 - 17)) + 3 + -2 + -13?
-4
Calculate (-12 - -1) + (-17 + 8 - -2 - -12).
-6
Evaluate 2 - (-3 - (-6 - 3 - -2)) - -4.
2
What is the value of (-1 - 1) + (-23 - -2) - (53 + -61)?
-15
Calculate 7 + (-1 + -3 - -5) - (-22 - -24).
6
What is -10 - ((-2 - -10 - 14) + -22)?
18
What is the value of 9 + 5 + (-3 + 10 - 16)?
5
What is the value of 22 + (-10 + (9 - -6) - 16)?
11
What is (3 - -5 - (-2 + 11)) + 15?
14
Calculate 124 + -128 + (1 - -17).
14
What is the value of (3 - (3 - 2)) + 5 + -520 + 498?
-15
Evaluate 241 + -242 - (-3 - -11).
-9
-1 + (-2 - (-26 + 6)) + 2 + -5
14
What is the value of 6 + -15 + 13 + -4 + -1?
-1
Calculate 8 + 6 + -45 - -3.
-28
What is the value of -22 - (-15 - (9 - (7 + 11)))?
-16
Calculate 5 - (-2 + 0 + 10) - (-4 - -1).
0
Evaluate 3 - 9 - (-6 - -6).
-6
What is 0 - (5 + -5 + 25)?
-25
3 - (3 + -1) - -4 - (46 + -58)
17
(-22 - (-34 - -11)) + (-3 - 0)
-2
What is the value of -4 + 6 + -8 + (-10 + 7 - 4)?
-13
-16 + -2 + 35 + -1
16
What is 1 - (-9 + 5) - 16?
-11
What is (-2 - (1 - 10) - -5) + 0 - -9?
21
What is the value of ((-2 - 9) + 12 - (1 + 5)) + 0?
-5
Evaluate -19 - (-16 + 34 + -14 + 9)